 the remainder when 465 is divided by 82?
55
What is the remainder when 58 is divided by 37?
21
What is the remainder when 717 is divided by 186?
159
Calculate the remainder when 1931 is divided by 103.
77
Calculate the remainder when 158 is divided by 25.
8
Calculate the remainder when 9132 is divided by 16.
12
Calculate the remainder when 1134 is divided by 49.
7
What is the remainder when 3351 is divided by 8?
7
What is the remainder when 11 is divided by 9?
2
What is the remainder when 4743 is divided by 13?
11
What is the remainder when 4910 is divided by 17?
14
What is the remainder when 718 is divided by 12?
10
What is the remainder when 474 is divided by 224?
26
Calculate the remainder when 1232 is divided by 305.
12
What is the remainder when 351 is divided by 104?
39
What is the remainder when 478 is divided by 211?
56
What is the remainder when 37652 is divided by 67?
65
What is the remainder when 1217 is divided by 153?
146
What is the remainder when 1329 is divided by 133?
132
Calculate the remainder when 311 is divided by 16.
7
What is the remainder when 286 is divided by 29?
25
What is the remainder when 60 is divided by 15?
0
What is the remainder when 20705 is divided by 51?
50
What is the remainder when 323 is divided by 111?
101
What is the remainder when 96 is divided by 43?
10
Calculate the remainder when 3154 is divided by 7.
4
What is the remainder when 477 is divided by 28?
1
Calculate the remainder when 421 is divided by 43.
34
What is the remainder when 283 is divided by 24?
19
Calculate the remainder when 127 is divided by 22.
17
Calculate the remainder when 25 is divided by 9.
7
What is the remainder when 624 is divided by 11?
8
Calculate the remainder when 675 is divided by 324.
27
What is the remainder when 46 is divided by 7?
4
Calculate the remainder when 307 is divided by 11.
10
What is the remainder when 780 is divided by 87?
84
Calculate the remainder when 160 is divided by 45.
25
Calculate the remainder when 1420 is divided by 89.
85
What is the remainder when 116 is divided by 54?
8
What is the remainder when 237 is divided by 39?
3
What is the remainder when 214 is divided by 34?
10
What is the remainder when 357 is divided by 59?
3
What is the remainder when 573 is divided by 79?
20
Calculate the remainder when 70 is divided by 16.
6
What is the remainder when 649 is divided by 83?
68
What is the remainder when 77 is divided by 7?
0
What is the remainder when 125 is divided by 7?
6
Calculate the remainder when 561 is divided by 113.
109
What is the remainder when 84 is divided by 71?
13
Calculate the remainder when 59 is divided by 20.
19
Calculate the remainder when 36 is divided by 14.
8
Calculate the remainder when 830 is divided by 24.
14
What is the remainder when 90 is divided by 54?
36
Calculate the remainder when 49 is divided by 27.
22
What is the remainder when 1358 is divided by 21?
14
What is the remainder when 388 is divided by 17?
14
Calculate the remainder when 15211 is divided by 33.
31
What is the remainder when 5 is divided by 4?
1
Calculate the remainder when 1326 is divided by 37.
31
Calculate the remainder when 43 is divided by 11.
10
What is the remainder when 54 is divided by 10?
4
What is the remainder when 148 is divided by 70?
8
What is the remainder when 822 is divided by 14?
10
Calculate the remainder when 744 is divided by 45.
24
What is the remainder when 163 is divided by 82?
81
Calculate the remainder when 107 is divided by 40.
27
Calculate the remainder when 184 is divided by 82.
20
Calculate the remainder when 334 is divided by 21.
19
Calculate the remainder when 39 is divided by 8.
7
What is the remainder when 375 is divided by 47?
46
Calculate the remainder when 699 is divided by 118.
109
What is the remainder when 397 is divided by 7?
5
What is the remainder when 1088 is divided by 56?
24
Calculate the remainder when 229 is divided by 53.
17
What is the remainder when 45 is divided by 12?
9
Calculate the remainder when 188 is divided by 35.
13
Calculate the remainder when 966 is divided by 61.
51
Calculate the remainder when 267 is divided by 90.
87
Calculate the remainder when 917 is divided by 40.
37
What is the remainder when 102 is divided by 33?
3
Calculate the remainder when 1100 is divided by 272.
12
What is the remainder when 3326 is divided by 1646?
34
What is the remainder when 40 is divided by 9?
4
Calculate the remainder when 99 is divided by 38.
23
What is the remainder when 343 is divided by 61?
38
What is the remainder when 5303 is divided by 69?
59
Calculate the remainder when 178 is divided by 30.
28
Calculate the remainder when 72 is divided by 39.
33
What is the remainder when 135 is divided by 8?
7
Calculate the remainder when 450 is divided by 76.
70
Calculate the remainder when 774 is divided by 98.
88
Calculate the remainder when 228 is divided by 77.
74
Calculate the remainder when 41 is divided by 11.
8
Calculate the remainder when 598 is divided by 100.
98
Calculate the remainder when 613 is divided by 1.
0
What is the remainder when 22925 is divided by 19?
11
What is the remainder when 518 is divided by 136?
110
Calculate the remainder when 166 is divided by 60.
46
What is the remainder when 1115 is divided by 43?
40
What is the remainder when 306 is divided by 98?
12
Calculate the remainder when 2713 is divided by 450.
13
What is the remainder when 2041 is divided by 28?
25
What is the remainder when 150 is divided by 77?
73
What is the remainder when 79 is divided by 8?
7
Calculate the remainder when 478 is divided by 22.
16
Calculate the remainder when 541 is divided by 109.
105
Calculate the remainder when 51 is divided by 9.
6
What is the remainder when 116 is divided by 59?
57
What is the remainder when 817 is divided by 75?
67
Calculate the remainder when 320 is divided by 63.
5
What is the remainder when 2836 is divided by 17?
14
What is the remainder when 21572 is divided by 25?
22
Calculate the remainder when 1961 is divided by 13.
11
Calculate the remainder when 1169 is divided by 58.
9
Calculate the remainder when 1343 is divided by 14.
13
What is the remainder when 455 is divided by 76?
75
What is the remainder when 1149 is divided by 46?
45
What is the remainder when 5717 is divided by 190?
17
Calculate the remainder when 195 is divided by 66.
63
Calculate the remainder when 180 is divided by 57.
9
What is the remainder when 114 is divided by 22?
4
Calculate the remainder when 142 is divided by 65.
12
What is the remainder when 778 is divided by 52?
50
What is the remainder when 304 is divided by 97?
13
Calculate the remainder when 54 is divided by 30.
24
Calculate the remainder when 1063 is divided by 56.
55
Calculate the remainder when 106 is divided by 31.
13
Calculate the remainder when 463 is divided by 34.
21
Calculate the remainder when 3130 is divided by 3109.
21
What is the remainder when 1323 is divided by 25?
23
What is the remainder when 23369 is divided by 205?
204
Calculate the remainder when 1816 is divided by 9.
7
Calculate the remainder when 755 is divided by 9.
8
Calculate the remainder when 244 is divided by 21.
13
Calculate the remainder when 119 is divided by 62.
57
Calculate the remainder when 588 is divided by 89.
54
What is the remainder when 219 is divided by 44?
43
Calculate the remainder when 27 is divided by 8.
3
What is the remainder when 673 is divided by 68?
61
What is the remainder when 161 is divided by 89?
72
What is the remainder when 68 is divided by 49?
19
What is the remainder when 285 is divided by 32?
29
What is the remainder when 770 is divided by 375?
20
Calculate the remainder when 1055 is divided by 177.
170
What is the remainder when 23 is divided by 6?
5
What is the remainder when 380 is divided by 130?
120
Calculate the remainder when 879 is divided by 169.
34
Calculate the remainder when 65 is divided by 24.
17
Calculate the remainder when 69 is divided by 17.
1
What is the remainder when 216 is divided by 16?
8
Calculate the remainder when 79 is divided by 12.
7
Calculate the remainder when 5415 is divided by 258.
255
What is the remainder when 296 is divided by 148?
0
Calculate the remainder when 2476 is divided by 118.
116
Calculate the remainder when 1888 is divided by 63.